).
2, 3
Let u = 266 - 95. Suppose -15*v + 2694 = -u. List the prime factors of v.
191
Let n(f) = -73*f - 62*f**3 - 114*f**3 + 144*f - 75*f + 4. Let j be n(1). Let r = j + 337. List the prime factors of r.
7, 23
What are the prime factors of -30*(1466/(-10) + 11)?
2, 3, 113
Suppose 42*h + 128*h - 9*h = 623875. What are the prime factors of h?
5, 31
Suppose 4*w - 62674 = d, 46989 = 3*w + 207*d - 205*d. List the prime factors of w.
15667
Let t(d) = d**2 - 10*d - 1. Suppose 48*v = 58*v + 120. List the prime factors of t(v).
263
Suppose -9*q = -12*q + 15. Suppose 2*u - 963 = g, -u + 4*g = q*g - 483. List the prime factors of u.
2, 241
Let a(h) = -18*h + 36. Let r be a(2). Suppose -2*c = -10, -4*p - 3*c + 49 - 6 = r. What are the prime factors of p?
7
Let g be (-568 + -26)/(2/(-12)*4). Let i = 1279 - g. List the prime factors of i.
2, 97
Let p = -55534 - -114276. List the prime factors of p.
2, 23, 1277
Let m(z) = z**3 + 6*z**2 - 91*z - 191. List the prime factors of m(-7).
397
Let r = -5882 - -8124. What are the prime factors of r?
2, 19, 59
Suppose 156*w - 627122 = 774646 + 91152. List the prime factors of w.
2, 3, 5, 11, 29
Let h(l) = 2*l**3 - 26*l**2 + 15*l + 66. What are the prime factors of h(27)?
3, 6961
Let n(r) = 36*r. Suppose -12 = -2*w - 2. Suppose 0 = w*z - z - 4. What are the prime factors of n(z)?
2, 3
Let z(f) = 1141*f - 5243. What are the prime factors of z(19)?
2, 7, 587
Let z(i) = 3*i - 1. Let v be z(2). Suppose -2*a + q + 4 = 0, 0 = -3*a + 15*q - 12*q + 12. Suppose v*s - 49 - 71 = a. List the prime factors of s.
2, 3
Let v(w) = 747*w**2 - 10*w + 8. What are the prime factors of v(1)?
5, 149
Suppose 0 = -14*f - 4479 - 2703. Let a = -86 - f. List the prime factors of a.
7, 61
Let f(b) = 21*b**3 + 2*b**2 - 8*b + 17. Let s(n) = 11*n + 102. Let m be s(-9). What are the prime factors of f(m)?
2, 17
Suppose 29*i - 1667 = 5235. List the prime factors of i.
2, 7, 17
Suppose -950*g - 2*p + 20716 = -948*g, 4*g = -2*p + 41444. List the prime factors of g.
2, 2591
Let k be (9 + 1 + -2)*119/(-28). Let u(t) = -20*t + 462. List the prime factors of u(k).
2, 571
Let m = 105 - -76. Suppose -3*n - m = -5*d, -2*n = -0*n + d + 125. Let s = 282 + n. List the prime factors of s.
2, 5, 11
Let f(z) = -z**3 - 13*z**2 - 11*z + 14. Let w be f(-12). Suppose 0 = w*s + 3*s + 40. What are the prime factors of (-51)/2*s/6?
2, 17
Suppose 0 = -20*f + 17*f - 4*h + 100570, -3*h = 2*f - 67049. What are the prime factors of f?
2, 13, 1289
List the prime factors of (-6176)/579*417/(-2).
2, 139
Suppose 2055*d = 1885*d + 2153220. List the prime factors of d.
2, 3, 2111
What are the prime factors of 693/396 + 663186/8?
2, 5, 829
Let s = -49014 - -70753. List the prime factors of s.
21739
Let m = 176 + -70. Let i be ((-76)/5)/((-10)/25). Let f = m + i. What are the prime factors of f?
2, 3
Let j(r) = 234*r + 1703. What are the prime factors of j(58)?
5, 13, 47
Suppose -279372 = -56*z - 6*z. What are the prime factors of z?
2, 3, 751
Suppose 2634 - 9274 = -4*u. List the prime factors of u.
2, 5, 83
Let n = -9 + -21. Let i(q) = -2*q**2 - 14*q - 54. Let y be i(-6). Let x = n - y. What are the prime factors of x?
2, 3
Let c(m) = m**3 - 7*m**2 + 4*m - 10. Let p be c(7). What are the prime factors of 2 + -2 - (-331 - p)?
349
Let z(r) = -3*r**3 - 5*r**2 + 9*r - 8. Let l be z(3). Let y = l - -209. What are the prime factors of (y/(-24) - -5)*96?
2, 3
Suppose 10*x = -3*x + 4953. Suppose 367*w = x*w - 4942. List the prime factors of w.
353
Let o = 38 + -109. Let x = o + 67. List the prime factors of (-9)/15 + (2694/15 - x).
3, 61
Let l = -83 - -12. Let c = l + 1. List the prime factors of 5 - c - (-2 - 2).
79
Suppose -34*a + 5883 = -31*a. Suppose -169 - a = -2*s. Suppose 2*i - 2*p - 434 = -0*p, 0 = 5*i + 5*p - s. List the prime factors of i.
5, 43
Suppose -3*s = -2*y - 39, 0 = 2*y - 6*y - 3*s - 51. Let w(p) = p**3 + 16*p**2 + 11*p + 10. Let b be w(y). Suppose 2*j - b - 44 = 0. List the prime factors of j.
3, 19
List the prime factors of (-720348)/(-42) - -4 - (684/84 - 8).
5, 47, 73
Let k = -280 - -96. Let j = 308 - k. List the prime factors of j.
2, 3, 41
Let c = -411 + 414. Suppose -c*a + 3*j = -2142, 5*a + 2*j - 2153 = 1438. List the prime factors of a.
3, 239
Let c(b) = -128*b - 10. Let j be c(-4). Suppose -3*l + j = 5*t - 6*l, 2*l = -8. Let z = -56 + t. What are the prime factors of z?
2, 3, 7
Suppose 73 = 16*n - 7. Suppose 0 = -y + n*f + 237, -2*y + f = -3*y + 213. List the prime factors of y.
7, 31
Let q = 8425 - 4579. What are the prime factors of q?
2, 3, 641
Let s(o) = o**3 + 28*o**2 + 17*o - 56. List the prime factors of s(-25).
2, 17, 41
Suppose 155 = 5*m - 3*b, 0*m + 124 = 4*m + 5*b. Let h = 160 - m. List the prime factors of h.
3, 43
Let g = 105140 + -63086. What are the prime factors of g?
2, 3, 43, 163
Let r = -12348 - -21169. List the prime factors of r.
8821
Let x(h) = -5*h**3 - h + 7. Let l be -4 - 0 - (4 - 5 - -1). What are the prime factors of x(l)?
331
Suppose -26*m = -887 - 49. Let a = m - -266. List the prime factors of a.
2, 151
Let q(s) = -6*s**3 - 51*s**2 + 10*s + 40. What are the prime factors of q(-16)?
2, 3, 5, 19
Suppose -v + 2*f - 6 = 0, 0 = -4*v - 0*v + f - 17. Let r be (v/10)/((-2)/150). What are the prime factors of r/(-4)*12/35*-21?
2, 3
Suppose -3*v + 10 = -0*d + d, 0 = -5*v + 15. Let f be ((2 + -4)/d)/(2/(-7)). Let x(c) = 3*c**2 - 13*c - 5. What are the prime factors of x(f)?
3, 17
Let t be (-44)/((-5 + 12)/49). Let y = -4 - t. What are the prime factors of y?
2, 19
Let x(y) = -y**3 + 2*y**2 + 48*y - 53. Let n be x(-7). Suppose 0*b - 95 = -b. Let i = b + n. What are the prime factors of i?
3, 7
Let w = -1810 - -4678. What are the prime factors of w?
2, 3, 239
Suppose 18*x + 4736014 = 127*x + 160*x. List the prime factors of x.
2, 8803
Suppose n - 88 + 28 = 0. Let b = 64 - n. Suppose b*f + 8*t = 12*t + 48, 4*t = 3*f - 40. What are the prime factors of f?
2
Let l(k) = 3*k**2 - 4*k + 2. Let g be l(1). Let u be 302 + (0 - g)/(4/(-12)). Suppose 6*h - 307 - u = 0. What are the prime factors of h?
2, 3, 17
Suppose -58*k = 3*k - 305. Suppose 15872 = k*d + 3*d. What are the prime factors of d?
2, 31
Let a(l) = -4*l**3 + 13*l**2 + 32*l - 257. List the prime factors of a(-23).
2, 3, 2273
Let y = 80 + -180. Let j = y - -14. Let o = 3 - j. List the prime factors of o.
89
Suppose x - 10138 + 2218 = -3*f, 4*x = -3*f + 31653. What are the prime factors of x?
3, 293
Let q(x) = x**3 - 6*x**2 + 11*x - 30. Suppose i - 5 = -3*a + 24, 0 = 2*a + 3*i - 17. What are the prime factors of q(a)?
2, 3, 5
Suppose -7*v - 30 = -17*v. Suppose v*j - 1590 = -4*m + 654, -2*m - 3740 = -5*j. List the prime factors of j.
2, 11, 17
Let j(k) = -1. Let c(p) = -p + 11. Let n(h) = c(h) - 4*j(h). Let s be n(6). Suppose 6*i - s*i + 162 = 0. List the prime factors of i.
2, 3
Suppose -4*y - 2*s = -4, 4*y = 7*y - 3*s - 21. Suppose -2*v - w - 2*w = -840, -5*w + 1261 = y*v. What are the prime factors of v?
3, 139
Let s(t) = 131*t**2 - 105*t + 57. List the prime factors of s(-4).
31, 83
Suppose 0 = -y - 2*y - 15, -2*y = -5*k + 5. Let x = -5 + k. Let r(l) = -13*l - 7. List the prime factors of r(x).
71
Suppose -4*b = -78*b - 317653 + 2246019. List the prime factors of b.
11, 23, 103
Let u = 110 + 22. Let c = u - 122. Suppose 5*h - c = 0, -6*h + 509 = 5*x - 9*h. What are the prime factors of x?
103
Suppose -4*k + 4800 = -2*u, -44 = 4*k + 5*u - 4872. Suppose -4*d + k = 3*m - 0*m, 3*m = -d + 1205. What are the prime factors of m?
2, 3, 67
Suppose 13070 = 7*j + w, 5*j - w - 2280 = 7054. List the prime factors of j.
1867
Let c(w) = 53*w**2 + 30*w - 9. What are the prime factors of c(-35)?
2, 11, 2903
Let g(i) = i**3 - 15*i**2 + i - 20. Let r be g(15). Let k(q) be the first derivative of q**4/4 + 8*q**3/3 + 2*q**2 - q - 1. List the prime factors of k(r).
2, 3
Let s be (1 - -2)/(((-6)/3)/(-2)). Suppose x + 77 = -s*r + r, 0 = -5*r - 2*x - 194. Let b = 89 + r. What are the prime factors of b?
7
Let r(u) be the second derivative of u**4/6 - 19*u**3/6 + 6*u**2 + 19*u. Let a be r(16). Suppose 0 = 25*m - 21*m - a. List the prime factors of m.
5, 11
Let x(o) = 1206*o**2 - 512*o + 4108. What are the prime factors of x(8)?
2, 3, 7, 919
Let f(c) = 271*c**3 - 49*c**2 + 15*c - 20. What are the prime factors of f